at is the hundreds digit of 592622?
6
What is the tens digit of 5406795?
9
What is the ten thousands digit of 1703473?
0
What is the hundreds digit of 323095?
0
What is the units digit of 18458529?
9
What is the hundreds digit of 90732?
7
What is the ten thousands digit of 2873684?
7
What is the thousands digit of 7422022?
2
What is the ten millions digit of 23245265?
2
What is the units digit of 3673?
3
What is the tens digit of 422025?
2
What is the hundreds digit of 6278790?
7
What is the hundred thousands digit of 2926064?
9
What is the thousands digit of 3597330?
7
What is the hundred thousands digit of 18125689?
1
What is the thousands digit of 826885?
6
What is the units digit of 504686?
6
What is the units digit of 201773?
3
What is the hundreds digit of 386070?
0
What is the units digit of 132518?
8
What is the hundred thousands digit of 4698868?
6
What is the thousands digit of 2172122?
2
What is the hundred thousands digit of 299945?
2
What is the hundred thousands digit of 296861?
2
What is the ten thousands digit of 6904697?
0
What is the thousands digit of 1245445?
5
What is the ten thousands digit of 736919?
3
What is the units digit of 422220?
0
What is the thousands digit of 1843721?
3
What is the tens digit of 13552841?
4
What is the hundreds digit of 503745?
7
What is the ten thousands digit of 770837?
7
What is the thousands digit of 121823?
1
What is the hundreds digit of 140690?
6
What is the tens digit of 210222?
2
What is the thousands digit of 28200273?
0
What is the hundreds digit of 5424153?
1
What is the ten thousands digit of 98302?
9
What is the millions digit of 7360834?
7
What is the ten thousands digit of 749249?
4
What is the thousands digit of 785659?
5
What is the thousands digit of 241920?
1
What is the hundreds digit of 2626226?
2
What is the hundreds digit of 148569?
5
What is the thousands digit of 236067?
6
What is the thousands digit of 8916994?
6
What is the units digit of 3355457?
7
What is the ten thousands digit of 219646?
1
What is the ten millions digit of 29556925?
2
What is the ten thousands digit of 990674?
9
What is the hundreds digit of 1292667?
6
What is the millions digit of 7292149?
7
What is the ten thousands digit of 2339331?
3
What is the hundreds digit of 2300126?
1
What is the thousands digit of 834896?
4
What is the thousands digit of 44887?
4
What is the millions digit of 2462746?
2
What is the ten millions digit of 27772436?
2
What is the ten thousands digit of 697612?
9
What is the tens digit of 130264?
6
What is the millions digit of 1014125?
1
What is the ten thousands digit of 48804?
4
What is the hundred thousands digit of 704207?
7
What is the units digit of 194633?
3
What is the hundreds digit of 195726?
7
What is the thousands digit of 49932?
9
What is the ten thousands digit of 286810?
8
What is the thousands digit of 627494?
7
What is the hundred thousands digit of 1638723?
6
What is the ten millions digit of 15359813?
1
What is the hundreds digit of 12470447?
4
What is the hundreds digit of 94982?
9
What is the tens digit of 5281784?
8
What is the hundreds digit of 1238376?
3
What is the hundreds digit of 3428811?
8
What is the thousands digit of 4395908?
5
What is the thousands digit of 1197954?
7
What is the units digit of 9845501?
1
What is the millions digit of 9286318?
9
What is the hundreds digit of 5990270?
2
What is the hundreds digit of 32809?
8
What is the millions digit of 1243007?
1
What is the hundred thousands digit of 1347882?
3
What is the thousands digit of 779451?
9
What is the hundreds digit of 582517?
5
What is the ten thousands digit of 2191385?
9
What is the ten thousands digit of 670928?
7
What is the thousands digit of 468592?
8
What is the thousands digit of 1307051?
7
What is the tens digit of 15010?
1
What is the hundreds digit of 5979678?
6
What is the tens digit of 18034186?
8
What is the units digit of 11066735?
5
What is the ten millions digit of 16322860?
1
What is the ten thousands digit of 535962?
3
What is the thousands digit of 1271199?
1
What is the millions digit of 2101094?
2
What is the ten thousands digit of 1116829?
1
What is the ten thousands digit of 511110?
1
What is the thousands digit of 6266997?
6
What is the thousands digit of 778521?
8
What is the millions digit of 6131032?
6
What is the ten thousands digit of 27116880?
1
What is the hundred thousands digit of 22686106?
6
What is the ten thousands digit of 485732?
8
What is the millions digit of 6083131?
6
What is the hundred thousands digit of 7470448?
4
What is the tens digit of 171234?
3
What is the tens digit of 536824?
2
What is the tens digit of 277732?
3
What is the ten thousands digit of 14454916?
5
What is the hundreds digit of 496531?
5
What is the hundreds digit of 2739861?
8
What is the millions digit of 6086499?
6
What is the tens digit of 1564144?
4
What is the units digit of 156201?
1
What is the units digit of 212427?
7
What is the hundred thousands digit of 126823?
1
What is the thousands digit of 93664?
3
What is the thousands digit of 166872?
6
What is the tens digit of 6473637?
3
What is the hundreds digit of 505043?
0
What is the millions digit of 4574476?
4
What is the ten thousands digit of 7826213?
2
What is the ten thousands digit of 1476566?
7
What is the tens digit of 4766159?
5
What is the hundreds digit of 6830785?
7
What is the hundreds digit of 690912?
9
What is the hundred thousands digit of 14575135?
5
What is the units digit of 5542079?
9
What is the tens digit of 64789?
8
What is the units digit of 5852690?
0
What is the ten thousands digit of 2878299?
7
What is the units digit of 19555844?
4
What is the millions digit of 4403295?
4
What is the hundred thousands digit of 621299?
6
What is the ten thousands digit of 3219645?
1
What is the hundred thousands digit of 490891?
4
What is the tens digit of 243169?
6
What is the units digit of 371175?
5
What is the tens digit of 140336?
3
What is the thousands digit of 5773687?
3
What is the ten millions digit of 11831011?
1
What is the millions digit of 9965763?
9
What is the hundred thousands digit of 7917012?
9
What is the tens digit of 8909893?
9
What is the thousands digit of 1954743?
4
What is the units digit of 924921?
1
What is the tens digit of 20151769?
6
What is the hundred thousands digit of 557058?
5
What is the ten thousands digit of 6209205?
0
What is the hundreds digit of 2425624?
6
What is the thousands digit of 492676?
2
What is the units digit of 4319902?
2
What is the millions digit of 2757461?
2
What is the ten thousands digit of 1209357?
0
What is the units digit of 9211090?
0
What is the millions digit of 2453244?
2
What is the ten thousands digit of 4956941?
5
What is the thousands digit of 852808?
2
What is the millions digit of 7435187?
7
What is the millions digit of 3597442?
3
What is the thousands digit of 18167135?
7
What is the thousands digit of 120767?
0
What is the units digit of 16089990?
0
What is the units digit of 152588?
8
What is the hundreds digit of 1965860?
8
What is the millions digit of 1142995?
1
What is the millions digit of 5031246?
5
What is the thousands digit of 348152?
8
What is the ten thousands digit of 274600?
7
What is the hundreds digit of 4247408?
4
What is the hundred thousands digit of 1325961?
3
What is the tens digit of 582985?
8
What is the thousands digit of 13810?
3
What is the hundred thousands digit of 3471978?
4
What is the hundred thousands digit of 199127?
1
What is the thousands digit of 18183?
8
What is the hundred thousands digit of 5445378?
4
What is the thousands digit of 3605015?
5
What is the hundred thousands digit of 1718151?
7
What is the units digit of 416973?
3
What is the ten millions digit of 11667576?
1
What is the tens digit of 1942493?
9
What is the hundred thousands digit of 230009?
2
What is the units digit of 460824?
4
What is the ten thousands digit of 379419?
7
What is the hundred thousands digit of 258532?
2
What is the units digit of 402407?
7
What is the ten thousands digit of 97380?
9
What is the tens digit of 3425764?
6
What is the ten thousands digit of 711153?
1
What is the tens digit of 18841?
4
What is the tens digit of 4930161?
6
What is the hundreds digit of 1381389?
3
What is the hundred